tors of 637.
7, 13
What are the prime factors of 22565?
5, 4513
What are the prime factors of 4359?
3, 1453
List the prime factors of 3700.
2, 5, 37
List the prime factors of 3520.
2, 5, 11
List the prime factors of 732.
2, 3, 61
What are the prime factors of 20165?
5, 37, 109
List the prime factors of 45123.
3, 13, 89
List the prime factors of 9654.
2, 3, 1609
List the prime factors of 4097.
17, 241
List the prime factors of 29225.
5, 7, 167
What are the prime factors of 25742?
2, 61, 211
What are the prime factors of 33494?
2, 16747
List the prime factors of 342.
2, 3, 19
What are the prime factors of 7872?
2, 3, 41
List the prime factors of 726.
2, 3, 11
What are the prime factors of 101795?
5, 20359
List the prime factors of 29754.
2, 3, 19, 29
List the prime factors of 2183.
37, 59
What are the prime factors of 61246?
2, 113, 271
List the prime factors of 9239.
9239
List the prime factors of 4790.
2, 5, 479
List the prime factors of 1010.
2, 5, 101
List the prime factors of 1314.
2, 3, 73
List the prime factors of 162069.
3, 89, 607
List the prime factors of 4872.
2, 3, 7, 29
List the prime factors of 1788.
2, 3, 149
List the prime factors of 1403.
23, 61
List the prime factors of 4809.
3, 7, 229
What are the prime factors of 1012?
2, 11, 23
List the prime factors of 82275.
3, 5, 1097
List the prime factors of 137376.
2, 3, 53
What are the prime factors of 1256?
2, 157
What are the prime factors of 46918?
2, 23459
What are the prime factors of 1114?
2, 557
List the prime factors of 1824.
2, 3, 19
What are the prime factors of 103?
103
What are the prime factors of 803?
11, 73
List the prime factors of 19753.
19753
What are the prime factors of 71917?
71917
What are the prime factors of 3130?
2, 5, 313
List the prime factors of 3332.
2, 7, 17
What are the prime factors of 32576?
2, 509
What are the prime factors of 79701?
3, 31, 857
What are the prime factors of 60726?
2, 3, 29, 349
List the prime factors of 735.
3, 5, 7
List the prime factors of 77766.
2, 3, 13, 997
List the prime factors of 2140.
2, 5, 107
What are the prime factors of 826?
2, 7, 59
List the prime factors of 196.
2, 7
List the prime factors of 47553.
3, 11, 131
What are the prime factors of 4042?
2, 43, 47
What are the prime factors of 8785?
5, 7, 251
List the prime factors of 869.
11, 79
List the prime factors of 18430.
2, 5, 19, 97
List the prime factors of 4666.
2, 2333
List the prime factors of 5870.
2, 5, 587
List the prime factors of 533.
13, 41
List the prime factors of 547.
547
What are the prime factors of 3136?
2, 7
List the prime factors of 88883.
88883
What are the prime factors of 522?
2, 3, 29
What are the prime factors of 73409?
7, 10487
What are the prime factors of 18886?
2, 7, 19, 71
What are the prime factors of 1137?
3, 379
List the prime factors of 8738.
2, 17, 257
List the prime factors of 23782.
2, 11, 23, 47
List the prime factors of 37079.
7, 5297
List the prime factors of 47376.
2, 3, 7, 47
What are the prime factors of 446?
2, 223
What are the prime factors of 2578?
2, 1289
List the prime factors of 7408.
2, 463
What are the prime factors of 3449?
3449
List the prime factors of 13834.
2, 6917
What are the prime factors of 116?
2, 29
What are the prime factors of 361?
19
What are the prime factors of 39874?
2, 19937
List the prime factors of 1084.
2, 271
What are the prime factors of 30810?
2, 3, 5, 13, 79
What are the prime factors of 1636?
2, 409
List the prime factors of 2219.
7, 317
What are the prime factors of 382?
2, 191
List the prime factors of 328.
2, 41
List the prime factors of 20532.
2, 3, 29, 59
List the prime factors of 5430.
2, 3, 5, 181
List the prime factors of 9049.
9049
List the prime factors of 18336.
2, 3, 191
List the prime factors of 14286.
2, 3, 2381
List the prime factors of 870.
2, 3, 5, 29
List the prime factors of 148849.
47, 3167
List the prime factors of 15628.
2, 3907
What are the prime factors of 2360?
2, 5, 59
What are the prime factors of 8408?
2, 1051
List the prime factors of 473.
11, 43
List the prime factors of 282.
2, 3, 47
List the prime factors of 72276.
2, 3, 19, 317
What are the prime factors of 14538?
2, 3, 2423
List the prime factors of 21698.
2, 19, 571
What are the prime factors of 3069?
3, 11, 31
List the prime factors of 3976.
2, 7, 71
What are the prime factors of 4969?
4969
List the prime factors of 1152.
2, 3
List the prime factors of 109.
109
What are the prime factors of 482?
2, 241
What are the prime factors of 3944?
2, 17, 29
List the prime factors of 3949.
11, 359
What are the prime factors of 30647?
19, 1613
List the prime factors of 163527.
3, 7, 13, 599
List the prime factors of 3425.
5, 137
List the prime factors of 22613.
22613
List the prime factors of 1797.
3, 599
What are the prime factors of 5109?
3, 13, 131
List the prime factors of 2225.
5, 89
List the prime factors of 76830.
2, 3, 5, 13, 197
List the prime factors of 52632.
2, 3, 17, 43
What are the prime factors of 26255?
5, 59, 89
What are the prime factors of 9018?
2, 3, 167
What are the prime factors of 62951?
7, 17, 23
List the prime factors of 1168.
2, 73
List the prime factors of 2249.
13, 173
List the prime factors of 1263.
3, 421
List the prime factors of 21645.
3, 5, 13, 37
What are the prime factors of 2649?
3, 883
List the prime factors of 31957.
31957
List the prime factors of 115748.
2, 19, 1523
What are the prime factors of 46902?
2, 3, 7817
List the prime factors of 5563.
5563
List the prime factors of 169216.
2, 661
What are the prime factors of 7736?
2, 967
What are the prime factors of 33116?
2, 17, 487
List the prime factors of 2428.
2, 607
What are the prime factors of 24565?
5, 17
What are the prime factors of 4692?
2, 3, 17, 23
List the prime factors of 1328.
2, 83
List the prime factors of 996.
2, 3, 83
What are the prime factors of 1398?
2, 3, 233
What are the prime factors of 77027?
17, 23, 197
What are the prime factors of 4785?
3, 5, 11, 29
What are the prime factors of 6514?
2, 3257
What are the prime factors of 2247?
3, 7, 107
List the prime factors of 1105.
5, 13, 17
What are the prime factors of 6433?
7, 919
List the prime factors of 514.
2, 257
What are the prime factors of 30328?
2, 17, 223
List the prime factors of 135503.
179, 757
List the prime factors of 14865.
3, 5, 991
List the prime factors of 33949.
17, 1997
List the prime factors of 172.
2, 43
What are the prime factors of 146746?
2, 239, 307
List the prime factors of 2854.
2, 1427
What are the prime factors of 1797?
3, 599
List the prime factors of 2220.
2, 3, 5, 37
List the prime factors of 63082.
2, 31541
List the prime factors of 50286.
2, 3, 17, 29
List the prime factors of 2660.
2, 5, 7, 19
What are the prime factors of 34782?
2, 3, 11, 17, 31
What are the prime factors of 225?
3, 5
What are the prime factors of 1455?
3, 5, 97
What are the prime factors of 10466?
2, 5233
What are the prime factors of 17934?
2, 3, 7, 61
List the prime factors of 10450.
2, 5, 11, 19
List the prime factors of 1901.
1901
What are the prime factors of 36252?
2, 3, 19, 53
What are the prime factors of 1325?
5, 53
List the prime factors of 3384.
2, 3, 47
List the prime factors of 580.
2, 5, 29
What are the prime factors of 3707?
11, 337
What are the prime factors of 1178?
2, 19, 31
What are the prime factors of 35531?
35531
List the prime factors of 3426.
2, 3, 571
List the prime factors of 2356.
2, 19, 31
What are the prime factors of 6540?
2, 3, 5, 109
What are the prime factors of 40042?
2, 20021
List the prime factors of 322.
2, 7, 23
What are the prime factors of 7596?
2, 3, 211
List the prime factors of 65544.
2, 3, 2731
What are the prime factors of 108266?
2, 54133
What are the prime factors of 46809?
3, 7, 743
What are the prime factors of 23895?
3, 5, 59
What are the prime factors of 2255?
5, 11, 41
List the prime factors of 27937.
7, 13, 307
What are the prime factors of 246?
2, 3, 41
What are the prime factors of 3095?
5, 619
What are the prime factors of 38858?
2, 19429
What are the prime factors of 872?
2, 109
What are the prime factors of 4643?
4643
List the prime factors of 132777.
3, 14753
List the prime factors of 38176.
2, 1193
What are the prime factors of 3002?
2, 19, 79
List the prime factors of 12571.
13, 967
List the prime 